2. Calculate q(-6).
-9
Let q(k) be the second derivative of -1/2*k**2 + 18 - k + 1/3*k**3. Determine q(3).
5
Let l = -1 + -1. Let n(v) be the third derivative of -v**4/8 - 3*v**3/2 - v**2 - 88*v. Let p(y) = -y - 4. Let g(h) = l*n(h) + 5*p(h). Give g(-3).
-5
Let g = -11317 - -11355. Let q(v) = -2*v + 74. Calculate q(g).
-2
Let n(i) = 42 - 20 - 26 - i. Suppose -2*a + k = -301 + 299, 0 = -5*a - 2*k - 13. What is n(a)?
-3
Suppose 214 = -5*u - l, 5*l - 91 = 3*u + 43. Let y = -40 - u. Let q(m) = -7 - y*m + 7 + 3 - 4. What is q(1)?
-4
Let a = -154 + 157. Let o(p) = 45*p**a + 5*p**2 - 4 - 2*p - 46*p**3 + 2. Determine o(4).
6
Let h(v) = -v**3 - 6*v**2 + 5*v + 21. Let z = -281 + 275. What is h(z)?
-9
Let m(x) = -3*x + 22. Suppose 5*t = 4*v + 62, 3*v = -2*t - 133 + 121. Determine m(t).
4
Let s be (-17)/(-680)*-8 + (2 - 183/(-15)). Let p(z) = -10*z + 132. Calculate p(s).
-8
Let j be (-6391)/847 + 6/11. Let y(o) = o**3 + 6*o**2 + 4. Determine y(j).
-45
Suppose -2*k + 8 = 0, 0*p = -5*p + 3*k + 3. Let t(b) = 7*b + 3*b**p + 0*b**3 + 2*b**2 - 4*b**2 - b - 8*b. Calculate t(2).
12
Let u(w) = 11*w**2 + 4*w + 9. Suppose -3642*l = -3660*l - 54. Give u(l).
96
Let a(i) be the third derivative of i**6/120 + i**5/12 + i**4/12 + i**3/2 + 4*i**2. Let g = 64 - 125. Let w = g - -56. What is a(w)?
-7
Let l(n) = 32*n + 264. Suppose 31*g - 16 = 30*g - 4*s, 0 = -2*g - 4*s + 8. What is l(g)?
8
Suppose 39*m + 2349 = 30*m. Let c = 260 + m. Let u(i) = 3*i**2 - 1. Calculate u(c).
2
Let n(s) = -134*s + 2926. Let k be n(22). Let q(g) = -g**2 - 25*g - 65. Calculate q(k).
1
Suppose -4*d + 24 = 8*d. Suppose 2*w + 18 = d*r + 22, -4*w = 4*r - 8. Let x(t) = -2*t + 3. Give x(w).
-1
Let r(p) = -11*p - 15. Let t(s) = -30*s - 44. Let z(v) = 11*r(v) - 4*t(v). Determine z(8).
3
Let k(x) = 46*x**2 + 2*x - 11. Let v(b) = -92*b**2 - 5*b + 27. Let c(s) = -5*k(s) - 2*v(s). Determine c(1).
-45
Let v(g) = -g**3 - 9*g**2 - 11*g - 28. Let z be ((22/385)/(11/77))/(3/(-60)). Calculate v(z).
-4
Let r(q) = 7*q**2 - 24*q + 1. Let u(j) = -4*j**2 + 12*j. Let z(a) = -3*r(a) - 5*u(a). Let y = 164 - 157. Give z(y).
32
Suppose 48*y + 46*y - 188 = 0. Let c(u) = u**2 - 2*u + 5. Give c(y).
5
Let g(l) = -3*l**2 - 46*l + 16. Let w(n) = -28*n - 1024. Let b be w(-36). Give g(b).
-16
Let k be -34 - -47 - (-7 - -1). Let w(r) = -275*r - 3 - k + 276*r. Calculate w(0).
-22
Suppose 0 = -4*o + 1 + 31. Let z(x) = 4*x - 36. Let y be z(12). Let p(f) = -85*f - y + 77*f + f**2 + 10. What is p(o)?
-2
Let m(p) = p + 2. Let n be (1/(-2))/(8/(-128)). Suppose 72*g = 70*g + n. Suppose 3*t = z - t - 16, t = -g. Calculate m(z).
2
Let y(j) = 5*j**2 + 2*j - 1. Suppose 16 = 5*i + 2*o, 2*i + 0*i = -o + 6. Suppose -i = -w + 3*w. Calculate y(w).
15
Let w(m) = -3*m**2 - 10*m - 5. Let h(o) = 3 + 20*o - 23*o - o**2 + 9*o + 0*o**2 + 2*o**2. Let z(y) = -5*h(y) - 2*w(y). Determine z(10).
-5
Suppose 6*h + 17 = 29. Let a(f) = 2*f**3 - 152*f + 2*f**h + 4 + 152*f. Give a(-3).
-32
Suppose -23 = 5*o + 2, -5*i - o + 5 = 0. Suppose i*c - 35 + 29 = 0. Suppose -k = 4*k - q - 27, c*q - 9 = -3*k. Let u(n) = -n + 11. Give u(k).
6
Suppose 4*f - 2*r = 1878, 2*f = -f - 3*r + 1386. Let t = -472 + f. Let p(l) = l - 5. Determine p(t).
-10
Suppose 0*j + 5*j = -d - 16, -5*d + 12 = 2*j. Let q(w) be the first derivative of 376*w + w**2 - 375*w + d - 5*w**2. Give q(2).
-15
Suppose -16*c = -12*c. Let q(z) = -z**2 - z + 6. Let b be q(c). Suppose v + 17 = 3*l, -2*v - l = l - b. Let s(w) = -w**3 - w**2 + w + 1. Calculate s(v).
3
Let n(q) = 2035*q**2 - 2034*q**2 - 9*q + 31 - 10*q. What is n(13)?
-47
Let a be 1*(-4 + 2)*-1. Let z(g) be the first derivative of -9*g**2 - 9*g**2 + 4*g + 35 + 17*g**a. Determine z(3).
-2
Let c(x) = 105*x**3 + 5*x**2 + 11*x + 12. Let v(i) = 16*i**3 + i**2 + 2*i + 2. Let o(d) = 2*c(d) - 13*v(d). What is o(-2)?
-22
Suppose 3*q = -2*z - 70, 118 = -7*q + 2*q - 2*z. Let y be 138/q + (0 - (-12)/16). Let f(r) = -r**3 - 5*r**2 + 4*r - 4. Calculate f(y).
-24
Suppose 0 = 5*a + 2*i + 17, -3199*i - 2 = -3197*i. Let r(o) = -3*o + 0*o**2 + 2 - 3 - o**3 - 3*o**2. What is r(a)?
8
Suppose 0 = -2*k + y - 74 + 274, 3*y = -k + 93. Let j(n) = 103*n - 307*n + k*n + 101*n. Determine j(-2).
8
Let w(y) be the third derivative of -y**5/60 - 11*y**4/24 - y**3 + 8*y**2. Let j be (171/(-18) - -9)*22. Determine w(j).
-6
Let o(w) = -8*w + 12 - 3983*w**2 + 30 + 3982*w**2. Determine o(4).
-6
Let s(t) = 10*t + 5. Suppose 13*a = -8 + 47. Suppose 4*b - a*q = 24, -b + q + 1 = -5. Let k(y) = y. Let w(r) = b*k(r) - s(r). Give w(4).
-21
Let q = -58 + 54. Let o = -24 - -32. Let g(r) = -3 + 2*r + o + 0 + 1. What is g(q)?
-2
Let j(q) = q**2 - 8*q + 2. Let u(x) = -13*x - 45. Let h(c) = -2*c**2 + 34*c - 64. Let d be h(15). Let z be u(d). What is j(z)?
-5
Let i(x) = -4580 + x**2 + 2284 + 2268 - 8*x. What is i(12)?
20
Let v(j) = 2*j**3 - 3*j**2 - j + 2. Let h be v(2). Let a(b) = 144*b + 505. Let d(o) = 10*o + 35. Let f(g) = -2*a(g) + 29*d(g). What is f(h)?
13
Let v(z) be the third derivative of z**6/120 + 7*z**5/60 - z**4/4 + 600*z**2 + z. Calculate v(-6).
72
Let k(o) = -3*o - 2. Let x = -133 - -141. Suppose x*j - 110 = -302. Let a = -27 - j. What is k(a)?
7
Let l(k) = 19*k**3 + 7*k**2 + 6*k - 3. Let h(d) = -22*d**3 - 7*d**2 - 8*d + 5. Let q(s) = 6*h(s) + 7*l(s). Let w be (-24)/(-10)*(-40)/12. Calculate q(w).
-7
Let v(q) = -20*q + 30. Suppose -57*t = -34*t + 3 - 49. Give v(t).
-10
Let h(m) = 8*m + 67. Suppose 18*d - 65*d - 553 = 32*d. Determine h(d).
11
Let q(c) = -2*c**2 - 15*c - 4. Let z be q(-6). Suppose -49 = z*n + 385. Let t = -35 - n. Let k(l) = -3*l - 6. Determine k(t).
6
Suppose -223*b + 206*b = -117 - 121. Let d(r) be the first derivative of b - 7*r + 1/2*r**2. Determine d(3).
-4
Let k(n) = -9*n**3 - 38*n**2 - 78*n - 103. Let a(z) = -5*z**3 - 25*z**2 - 39*z - 52. Let m(p) = 7*a(p) - 4*k(p). Calculate m(21).
-15
Let p(u) = -7*u + 15. Suppose -13 = -3*g - o, -2*g + 16 = 2*g + o. Let d(t) = 4*t - 8 + 2*t - 2*t. Let n(y) = g*p(y) + 5*d(y). Calculate n(0).
5
Suppose n = 5*h - 67, -5*h - n = n - 61. Let s(v) be the second derivative of -v**4/12 + 7*v**3/3 - 9*v**2/2 + 4*v - 155. Calculate s(h).
4
Let v(f) = 19*f**3 + f**2. Suppose -37*h + 40*h + t = 8, -5*h + 3*t - 10 = 0. Calculate v(h).
20
Let g be 2 + (-11 - -11)/(0 + -2). Let z(j) = j**3 - 5*j**2 + 12*j - 14. What is z(g)?
-2
Let j(n) = n**3 + 18*n**2 + 44*n + 788. Let q be j(-18). Let c(v) = -5*v**2 - v + 2. Determine c(q).
-74
Let b(o) be the second derivative of o**3/6 + 5*o**2/2 + 2*o. Let v(n) = 10*n + 98. Let l be v(-11). Let g be 0*((-18)/l)/(-3). Give b(g).
5
Let m(r) = -r + 2. Let y(p) = 3*p - 3. Let h(g) = 5*m(g) + 2*y(g). Let k be 728/168 + 6/9. Calculate h(k).
9
Suppose -3*t + 319 = 4*p, 4*t - 6*t + 5*p = -182. Suppose -5331 + 3921 = -15*x. Let r = t - x. Let a(j) = -j + 10. Determine a(r).
3
Let q(b) be the second derivative of b**5/20 + b**4/2 - 11*b**3/6 - 5*b**2 - 2794*b. Let r = -23 - -16. Calculate q(r).
18
Suppose -13*o = -14*o. Let j(l) = o*l + 4*l + 0*l + 3. What is j(-3)?
-9
Let v(i) be the second derivative of i**5/20 - 4*i**4/3 - 3*i**3 + 19*i**2/2 + 115*i. Let a be v(17). Let l(n) = n**3 + n - 4. What is l(a)?
6
Let l(g) = -2*g**3 + 49*g**2 + 24*g + 26. Let i be l(25). Let v(w) = -2 + 0*w**2 + 9*w**2 + 1 + w. Determine v(i).
9
Let y(x) = x**2 - 13*x - 17. Let o be y(-12). Suppose o - 277 = 2*s. Let m(f) = -35*f**2 + 1 + 33*f**2 + 4*f**3 + 0*f**s. Give m(-1).
-5
Let j(m) = -3*m**2 + 28*m - 2. Let u(w) = 4*w - 1. Let v(x) = -j(x) + 2*u(x). Calculate v(3).
-33
Let z(h) = h**2 - 14*h + 35. Suppose 2*l - 33 = -5*x, -4*l - x = -35 - 4. Give z(l).
-10
Let b(h) = -207*h + 410. Let v be b(2). Let q(z) = -2*z**2 + z**2 - 3*z - 3*z**2 - z**3 + 2 + 4*z. What is q(v)?
-2
Let g be 0/(3*32/(-48)). Let y(z) = -4*z + 39. What is y(g)?
39
Let y = -34 + 44. Let u be ((15/3)/y)/(1/(-12)). Let z(h) be the third derivative of -h**5/60 - 5*h**4/24 + h**3/6 + 10*h**2. Give z(u).
-5
Let t(d) = -2*d**3 + 3*d**2 + 2*d - 2. Let s(b) = b**2 + 34*b - 69. Suppose 40 = 22*w - 4. Let q be s(w). Calculate t(q).
-23
Suppose 7*c - 21*c = -28. Let p(m) = 23 + 3*m - 5*m**2 - c*m - 26 + 2*m**2 + m**2. Calculate p(0).
-3
Let z(h) = 3*h**2 + 158*h + 2080. Let y be z(-27). Let s(r) be the third derivative of 23*r**6/120 - r**5/60 + r**2. What is s(y)?
22
S